dreds digit of (j - -4 - 49)*-3 + 0?
1
Let f(z) = 64*z + 43. Let u(p) = 130*p + 105. Let t(m) = -5*f(m) + 2*u(m). Let w(y) = -y**3 + 6*y**2 - y + 2. Let c be w(6). What is the hundreds digit of t(c)?
2
Let i(h) = h**3 + 24*h**2 - 21*h - 65. Let w be i(-21). Let d = w - 1050. What is the tens digit of d?
4
Suppose 0 = -3*q + 3*v - 18 - 15, 0 = 4*v. Let o(u) = 5*u**2 + 11*u - 20. What is the hundreds digit of o(q)?
4
Suppose 0*h = 2*p + h - 188, 5*p + h = 476. Suppose 4*o - 8 = p. Suppose -o = -y - d, -4*d + 104 = 4*y - 7*d. What is the tens digit of y?
2
Suppose 14*x + 3*x - 3*x = 0. Suppose 14*l - 133 - 1617 = x. What is the hundreds digit of l?
1
Suppose -3*c + 48711 = 31*g - 27*g, 5*g = -2*c + 32460. What is the thousands digit of c?
6
Suppose 25*h = 6*h - 42*h + 226920. What is the hundreds digit of h?
7
Let f = -6727 + 13879. What is the units digit of f?
2
Let y be -2 - (-150)/(-4 + 9). Let k(c) = 68 + 20*c - 52*c + y*c. What is the units digit of k(15)?
8
Suppose -1205 = 3*l - 1217. Suppose 2*f = -3*n + 2110, -1967 = -5*n - l*f + 1551. What is the units digit of n?
2
What is the hundreds digit of ((-10)/3*6/12)/(15/(-214479))?
8
Suppose 30*i - 21982 = 352177 + 770521. What is the ten thousands digit of i?
3
Let d = 4050 - -29985. What is the thousands digit of d?
4
Let k(x) = -x**3 - 40*x**2 + 76*x + 4. Let v(o) = -o**3 - 10*o**2 - o + 30. Let z be v(-9). What is the tens digit of k(z)?
4
Let p(n) = 1230*n + 1685. What is the thousands digit of p(28)?
6
What is the hundreds digit of ((-2)/20 - (-779286)/460) + -9?
6
Suppose -1062 = 5*a - 1257. Let w(i) = -i**3 + 40*i**2 + 12*i - 177. What is the hundreds digit of w(a)?
8
Suppose -g + 2739 = 10*n, 4*g - 543 = 2*n + 10539. What is the units digit of g?
9
Let d(a) = -22235*a - 170. What is the tens digit of d(-1)?
6
Let p be 8/(-6 - -4) + 3. What is the hundreds digit of 3/((p + 4)/573)?
5
Let y = -129 + 122. Let m(o) be the second derivative of o**4/12 - 3*o**3/2 - 10*o**2 + 3*o. What is the units digit of m(y)?
2
Suppose -4*n - 5814 = -v, 4*v - 28384 = -2*n - 5128. What is the tens digit of v?
1
Let y be 2/(-5) - (-128)/20. Let r be 32/y - 1/3. Suppose 0 = 4*u + r*j - 1145, -3*j = -3*u - 6*j + 861. What is the hundreds digit of u?
2
Let d be -7 - (-456)/36 - (-1)/3. Suppose -3*q + 3349 = 5*y, -3 = -3*y - d. What is the units digit of q?
8
Suppose -o + 21 = -5*l, l + 17 = -5*o + 2*o. Let i be 337/o - 11/(-44). What is the units digit of 8/14 - 7512/i?
0
Suppose -5348 = -3*l + 2*q, 2*l = -6*q + 2*q + 3576. Suppose -38*m + 30*m + l = 0. What is the units digit of m?
3
Let o = 4202 - -1527. What is the tens digit of o?
2
Let f(s) = -s**2 - 2. Let q be f(0). Let h be (2/4)/(q/(-444)) - -3. Suppose -j = 2*j + 3*a - 324, j + 3*a - h = 0. What is the hundreds digit of j?
1
Suppose 310766 = 14*b + 94*b - 48334. What is the units digit of b?
5
Suppose 4*p = 2*p + v + 328, -680 = -4*p - 4*v. Let i = p + -123. What is the units digit of i?
3
Let o be -6*(12/(-8) - (1 + -2)). Suppose q - 1292 = -o*v, 5*v - 2*q - 1515 = 653. Suppose -9*d + v = -5*d. What is the units digit of d?
8
Suppose 5*l + h - 24 = 4*l, 3*l - 5*h - 112 = 0. Let r = l - -192. What is the hundreds digit of r?
2
Suppose -6*x - 1290 = 5*n - 2*x, -4*n = -x + 1053. Let o = -111 - n. What is the tens digit of o/9 - (-3)/54*4?
1
Let m(h) be the first derivative of h**3 - 17*h**2/2 - 6*h + 3. Let g be m(10). Let k = 233 - g. What is the units digit of k?
9
Let u(o) = -745 + 2*o + 765 + 12*o. Let t be u(8). Suppose -56 = -2*j + 5*h + t, 4*h + 94 = j. What is the tens digit of j?
9
What is the hundreds digit of (-1 - (0 - 16600)) + (975 - 979)?
5
Let d(l) = -l**3 + 12*l**2 - l + 9. Suppose 5 = 2*h - 1. Suppose -8 = -5*v + h*v. What is the hundreds digit of d(v)?
1
Let k(q) be the second derivative of -q**5/20 - 17*q**4/12 + 17*q**3/3 - 18*q**2 - 29*q. What is the units digit of k(-20)?
4
Let z(v) = 53*v**2 + 7*v + 3. Let w be z(-2). Let m = 220 + w. What is the units digit of m?
1
What is the units digit of 20/(-70)*-7 - -20287?
9
Let u = 3732 - -5325. What is the hundreds digit of u?
0
Suppose 4*a = 3*a + 5. Suppose a*s - 4798 = 3*p, s - 942 = 4*p + p. What is the tens digit of s?
6
Suppose 24 = n - 36. Suppose n = 3*r - 12. Let y(s) = 2*s**2 - 49*s + 60. What is the tens digit of y(r)?
3
Suppose 10*z = 6*z. What is the hundreds digit of ((-10)/(-40))/((3 - z)/4044)?
3
Let s be (0 + 1)/(2/(-28)). Let k(q) = -134*q**2 + 38*q**2 + 7*q + 8 + 37*q**2 + 29*q**2 + 31*q**2. What is the tens digit of k(s)?
0
Suppose 5*b = 10, -v + 2*b + 2*b = 5. Suppose 5*q - n - 496 = -3*n, -v*n - 206 = -2*q. What is the units digit of q?
0
Let w(c) = c**3 - 7*c - 7. Let h be w(4). Suppose -2*o + 82 = -4*a, 4*o + 3*a = -2*a + 112. Suppose -h*t + o*t = 464. What is the tens digit of t?
1
Let d(s) = 158*s**3 + s**2 - 2*s + 1. Let j be d(1). Let x = j - -405. What is the hundreds digit of x?
5
Let c = -1 + 3. Suppose f - 3*f + 43 = 3*a, a + 2*f - 17 = 0. What is the units digit of c*15/(-10) + a?
0
Suppose a - p - p + 380 = 0, -5*p + 1905 = -5*a. Let q = a + 722. What is the tens digit of q?
4
Let r(g) = -2*g - 4. Let w be r(-3). Suppose -w*n + 70 - 62 = 0. Let j = n - -169. What is the hundreds digit of j?
1
Let j(l) = -4*l - 28. Let x be j(9). Let y = 368 + x. What is the units digit of y?
4
Let l(x) = 1687*x**2 - 46*x + 47. What is the thousands digit of l(1)?
1
Let z(v) be the first derivative of -v**4/4 + 14*v**3/3 + 8*v**2 - 11*v + 1. Let r be z(15). Let i(m) = 5*m**2 - 4*m + 5. What is the tens digit of i(r)?
6
Suppose -2*d = -3*n + 129822, 4*n + 5*d - 44246 = 128850. What is the hundreds digit of n?
2
Suppose -51*p = -36*p + 132*p - 2131941. What is the units digit of p?
3
Let d = 21747 - -19217. What is the units digit of d?
4
Suppose 4*g + 8 = 4*b - 2*b, 2*g - 4*b = -16. Suppose g = -z + 3*y + 921, 3*z + y - 2738 = 5*y. What is the tens digit of (4 + z/(-15))*(-15)/3?
8
Let a(k) = k**3 + 34*k**2 - 169*k - 118. What is the hundreds digit of a(-34)?
6
Let h be 2/(2 - 3) + 31. Let l = 28 + h. What is the units digit of l - (-5 - 27/(-3))?
3
Let h = -26417 - -43485. What is the units digit of h?
8
Suppose 17*w - 228 = 10. Suppose 18*p + 2*t = w*p + 3352, -2504 = -3*p + t. What is the hundreds digit of p?
8
What is the tens digit of ((-5766)/15)/(7/((-735)/21))?
2
Let u be 3354963/1311 + (50/(-46) - -1). Let o = u - 1483. What is the units digit of o?
6
Let a(i) = -i**2 - 12*i + 30. Suppose -7 = 3*d - 22. Let g = d + -18. What is the units digit of a(g)?
7
What is the ten thousands digit of ((-174)/2)/(2508/(-1716308))?
5
Let t be ((-32)/(-6))/(-4)*(-9765)/14. Suppose 806 + t = 8*l. What is the units digit of l?
7
Suppose -3*n = 4*r - 34342, 0 = -2*r + 4*r - 2. What is the hundreds digit of n?
4
Suppose -42*i = -4*r - 40*i + 3588, -5*r + 4476 = 2*i. What is the units digit of r?
6
Let o(h) = 34*h**3 + h**2 - 1. Let n be o(2). Let x = n - 148. Let a = x + -97. What is the units digit of a?
0
Let t = -22932 + 42208. What is the ten thousands digit of t?
1
Let j(h) = 5*h - 11. Let c be j(4). Let y(v) = 4*v**2 - 19*v - 7. Let b be y(c). Suppose -b + 44 = -6*z. What is the tens digit of z?
1
Suppose -8*y - 3*y = -10*y. Suppose y = 5*w, 5*p + 13*w - 9*w - 480 = 0. What is the units digit of p?
6
Suppose -9*l = 9*l + 18. Let u be (-15)/((0 - l)*-3). What is the units digit of ((-12)/u)/((-39)/520)?
2
Suppose 0 = -0*t - 4*t - 3*h + 21, -4*h = -12. Suppose 0 = -3*r - t. What is the units digit of 89 - 2*(r - -2)?
7
Let z(q) be the second derivative of q**5/5 - q**4/3 + q**3/6 - 2*q**2 - 7*q + 6. What is the hundreds digit of z(4)?
1
Let w(k) = 6*k - 2. Let t be w(7). Let d = 43 - t. Suppose 59 + 10 = d*p. What is the tens digit of p?
2
Suppose 0*g = 2*g - 5*d + 157, 5*d = -5*g - 480. Let u = -85 - g. Suppose 396 = 2*z - 3*a, 4*a = -u*z + 2*z + 752. What is the hundreds digit of z?
1
Let d(f) = 8*f**3 - 14*f**2 + 118*f + 58. What is the units digit of d(16)?
0
Let j(q) = 49*q + 294. Let c be j(-6). Suppose -a - 7 = 3*b, 3*b - 4*b + 1 = 2*a. Suppose c = -v + a*v - 100. What is the tens digit of v?
0
Suppose -57*s + 56 = -49*s. Suppose -3365 = -s*m - 1153. What is the tens digit of m?
1
Let b(h) = h**2 - 15*h + 19. Let t be b(13). Let w be (-15)/(-6)*(-64)/(-20). Let m